{"id":855,"date":"2024-03-15T23:03:37","date_gmt":"2024-03-15T23:03:37","guid":{"rendered":"http:\/\/energoterm.konin24.pl\/blog\/?page_id=855"},"modified":"2024-03-18T16:34:15","modified_gmt":"2024-03-18T16:34:15","slug":"uslugi-elektryczne-2","status":"publish","type":"page","link":"https:\/\/energoterm.konin24.pl\/blog\/uslugi-elektryczne-2\/","title":{"rendered":"Us\u0142ugi Elektryczne"},"content":{"rendered":"\t\t<div data-elementor-type=\"wp-page\" data-elementor-id=\"855\" class=\"elementor elementor-855\">\n\t\t\t\t<div class=\"elementor-element elementor-element-803bafd e-flex e-con-boxed e-con e-parent\" data-id=\"803bafd\" data-element_type=\"container\" data-settings=\"{&quot;background_background&quot;:&quot;slideshow&quot;,&quot;background_slideshow_gallery&quot;:[{&quot;id&quot;:2135,&quot;url&quot;:&quot;http:\\\/\\\/energoterm.konin24.pl\\\/blog\\\/wp-content\\\/uploads\\\/2024\\\/03\\\/AdobeStock_508217628-scaled.jpeg&quot;}],&quot;background_slideshow_loop&quot;:&quot;yes&quot;,&quot;background_slideshow_slide_duration&quot;:5000,&quot;background_slideshow_slide_transition&quot;:&quot;fade&quot;,&quot;background_slideshow_transition_duration&quot;:500}\">\n\t\t\t\t\t<div class=\"e-con-inner\">\n\t\t<div class=\"elementor-element elementor-element-8db84bd e-con-full e-flex e-con e-child\" data-id=\"8db84bd\" data-element_type=\"container\">\n\t\t\t\t<div class=\"elementor-element elementor-element-15ff938 elementor-widget-mobile__width-initial elementor-widget__width-initial elementor-widget elementor-widget-heading\" data-id=\"15ff938\" data-element_type=\"widget\" data-widget_type=\"heading.default\">\n\t\t\t\t<div class=\"elementor-widget-container\">\n\t\t\t<style>\/*! elementor - v3.22.0 - 24-06-2024 *\/\n.elementor-heading-title{padding:0;margin:0;line-height:1}.elementor-widget-heading .elementor-heading-title[class*=elementor-size-]>a{color:inherit;font-size:inherit;line-height:inherit}.elementor-widget-heading .elementor-heading-title.elementor-size-small{font-size:15px}.elementor-widget-heading .elementor-heading-title.elementor-size-medium{font-size:19px}.elementor-widget-heading .elementor-heading-title.elementor-size-large{font-size:29px}.elementor-widget-heading .elementor-heading-title.elementor-size-xl{font-size:39px}.elementor-widget-heading .elementor-heading-title.elementor-size-xxl{font-size:59px}<\/style><h2 class=\"elementor-heading-title elementor-size-default\">Precyzyjne pomiary elektryczne dla Twojego bezpiecze\u0144stwa.<\/h2>\t\t<\/div>\n\t\t\t\t<\/div>\n\t\t\t\t<\/div>\n\t\t\t\t\t<\/div>\n\t\t\t\t<\/div>\n\t\t<div class=\"elementor-element elementor-element-69270cb e-flex e-con-boxed e-con e-parent\" data-id=\"69270cb\" data-element_type=\"container\">\n\t\t\t\t\t<div class=\"e-con-inner\">\n\t\t<div class=\"elementor-element elementor-element-b8f9425 e-con-full e-flex e-con e-child\" data-id=\"b8f9425\" data-element_type=\"container\">\n\t\t\t\t<div class=\"elementor-element elementor-element-121b55e elementor-widget elementor-widget-image\" data-id=\"121b55e\" data-element_type=\"widget\" data-widget_type=\"image.default\">\n\t\t\t\t<div class=\"elementor-widget-container\">\n\t\t\t<style>\/*! elementor - v3.22.0 - 24-06-2024 *\/\n.elementor-widget-image{text-align:center}.elementor-widget-image a{display:inline-block}.elementor-widget-image a img[src$=\".svg\"]{width:48px}.elementor-widget-image img{vertical-align:middle;display:inline-block}<\/style>\t\t\t\t\t\t\t\t\t\t<img decoding=\"async\" src=\"https:\/\/energoterm.konin24.pl\/blog\/wp-content\/uploads\/2024\/03\/AdobeStock_333219517-scaled.jpeg\" title=\"ElectricianPomiary elektryczne Konin installing electric cable wires and fuse switch box.\" alt=\"Pomiary elektryczne Konin\" loading=\"lazy\" \/>\t\t\t\t\t\t\t\t\t\t\t\t\t<\/div>\n\t\t\t\t<\/div>\n\t\t\t\t<\/div>\n\t\t<div class=\"elementor-element elementor-element-68f7836 e-con-full e-flex e-con e-child\" data-id=\"68f7836\" data-element_type=\"container\">\n\t\t\t\t<div class=\"elementor-element elementor-element-ef819f5 elementor-widget elementor-widget-text-editor\" data-id=\"ef819f5\" data-element_type=\"widget\" data-widget_type=\"text-editor.default\">\n\t\t\t\t<div class=\"elementor-widget-container\">\n\t\t\t<style>\/*! elementor - v3.22.0 - 24-06-2024 *\/\n.elementor-widget-text-editor.elementor-drop-cap-view-stacked .elementor-drop-cap{background-color:#69727d;color:#fff}.elementor-widget-text-editor.elementor-drop-cap-view-framed .elementor-drop-cap{color:#69727d;border:3px solid;background-color:transparent}.elementor-widget-text-editor:not(.elementor-drop-cap-view-default) .elementor-drop-cap{margin-top:8px}.elementor-widget-text-editor:not(.elementor-drop-cap-view-default) .elementor-drop-cap-letter{width:1em;height:1em}.elementor-widget-text-editor .elementor-drop-cap{float:left;text-align:center;line-height:1;font-size:50px}.elementor-widget-text-editor .elementor-drop-cap-letter{display:inline-block}<\/style>\t\t\t\t<div class=\"xdj266r x11i5rnm xat24cr x1mh8g0r x1vvkbs x126k92a\"><div dir=\"auto\">Posiadamy wszystkie niezb\u0119dne uprawnienia do wykonywania okresowych pomiar\u00f3w elektrycznych, wymaganych przez Prawo Budowlane (m.in. przegl\u0105dy 5-letnie) oraz odbiorczych pomiar\u00f3w elektrycznych, niezb\u0119dnych do dokonania odbioru technicznego nowo powstaj\u0105cego budynku.<\/div><\/div><div class=\"x11i5rnm xat24cr x1mh8g0r x1vvkbs xtlvy1s x126k92a\"><div dir=\"auto\">Pomiary okresowe 5-letnie wykonujemy dla r\u00f3\u017cnego rodzaju obiekt\u00f3w. Najcz\u0119\u015bciej s\u0105 to szko\u0142y, przedszkola, urz\u0119dy gmin czy budynki biurowe, ale r\u00f3wnie\u017c specjalistyczne hale przemys\u0142owe czy wielkopowierzchniowe galerie handlowe.<\/div><\/div><div class=\"x11i5rnm xat24cr x1mh8g0r x1vvkbs xtlvy1s x126k92a\"><div dir=\"auto\">W ramach oferowanych us\u0142ug wykonujemy m.in.:<\/div><\/div><div class=\"x11i5rnm xat24cr x1mh8g0r x1vvkbs xtlvy1s x126k92a\"><div dir=\"auto\"><span class=\"x3nfvp2 x1j61x8r x1fcty0u xdj266r xhhsvwb xat24cr xgzva0m xxymvpz xlup9mm x1kky2od\">&#8211; <\/span>pomiary impedancji p\u0119tli zwarcia<\/div><div dir=\"auto\">&#8211; pomiary rezystancji izolacji<\/div><div dir=\"auto\"><span class=\"x3nfvp2 x1j61x8r x1fcty0u xdj266r xhhsvwb xat24cr xgzva0m xxymvpz xlup9mm x1kky2od\">&#8211; <\/span>pomiary ci\u0105g\u0142o\u015bci przewod\u00f3w ochronnych<\/div><div dir=\"auto\"><span class=\"x3nfvp2 x1j61x8r x1fcty0u xdj266r xhhsvwb xat24cr xgzva0m xxymvpz xlup9mm x1kky2od\">&#8211; <\/span>badanie wy\u0142\u0105cznik\u00f3w r\u00f3\u017cnicowo-pr\u0105dowych<\/div><div dir=\"auto\"><span class=\"x3nfvp2 x1j61x8r x1fcty0u xdj266r xhhsvwb xat24cr xgzva0m xxymvpz xlup9mm x1kky2od\">&#8211; <\/span>pomiary rezystancji uziemienia<\/div><div dir=\"auto\"><span class=\"x3nfvp2 x1j61x8r x1fcty0u xdj266r xhhsvwb xat24cr xgzva0m xxymvpz xlup9mm x1kky2od\">&#8211; <\/span>pomiary rezystywno\u015bci gruntu<\/div><div dir=\"auto\"><span class=\"x3nfvp2 x1j61x8r x1fcty0u xdj266r xhhsvwb xat24cr xgzva0m xxymvpz xlup9mm x1kky2od\">&#8211; <\/span>testy przeciwpo\u017carowych wy\u0142\u0105cznik\u00f3w pr\u0105du<\/div><div dir=\"auto\"><span class=\"x3nfvp2 x1j61x8r x1fcty0u xdj266r xhhsvwb xat24cr xgzva0m xxymvpz xlup9mm x1kky2od\">&#8211; <\/span>badania pod\u0142\u00f3g antyelektrostatycznych<\/div><div dir=\"auto\"><span class=\"x3nfvp2 x1j61x8r x1fcty0u xdj266r xhhsvwb xat24cr xgzva0m xxymvpz xlup9mm x1kky2od\">&#8211; <\/span>badania sieci pracuj\u0105cej w uk\u0142adzie IT (np. w obiektach medycznych)<\/div><div dir=\"auto\"><span class=\"x3nfvp2 x1j61x8r x1fcty0u xdj266r xhhsvwb xat24cr xgzva0m xxymvpz xlup9mm x1kky2od\">&#8211; <\/span>ogl\u0119dziny i ocen\u0119 instalacji elektrycznej<\/div><div dir=\"auto\"><span class=\"x3nfvp2 x1j61x8r x1fcty0u xdj266r xhhsvwb xat24cr xgzva0m xxymvpz xlup9mm x1kky2od\">&#8211; <\/span>ogl\u0119dziny i ocen\u0119 instalacji odgromowej<\/div><\/div><div class=\"x11i5rnm xat24cr x1mh8g0r x1vvkbs xtlvy1s x126k92a\"><div dir=\"auto\">na terenie Konina, Ko\u0142a, Turku, S\u0142upcy i okolic.<\/div><\/div>\t\t\t\t\t\t<\/div>\n\t\t\t\t<\/div>\n\t\t\t\t<\/div>\n\t\t\t\t\t<\/div>\n\t\t\t\t<\/div>\n\t\t<div class=\"elementor-element elementor-element-5208385 e-flex e-con-boxed e-con e-parent\" data-id=\"5208385\" data-element_type=\"container\" data-settings=\"{&quot;background_background&quot;:&quot;classic&quot;}\">\n\t\t\t\t\t<div class=\"e-con-inner\">\n\t\t<div class=\"elementor-element elementor-element-c564399 e-con-full e-flex e-con e-child\" data-id=\"c564399\" data-element_type=\"container\">\n\t\t\t\t<div class=\"elementor-element elementor-element-beab490 elementor-widget elementor-widget-text-editor\" data-id=\"beab490\" data-element_type=\"widget\" data-widget_type=\"text-editor.default\">\n\t\t\t\t<div class=\"elementor-widget-container\">\n\t\t\t\t\t\t\t<div class=\"wp-block-group is-layout-flow wp-block-group-is-layout-flow\"><div class=\"wp-block-group__inner-container\"><p><strong>Kontakt<\/strong><\/p><p>ul. Norwida 43<\/p><p>62-530 Posada<\/p><p>Polska<\/p><p>telefon:<\/p><p>502-610-021<\/p><p>Email: biuro@energotermkonin.pl<\/p><\/div><\/div>\t\t\t\t\t\t<\/div>\n\t\t\t\t<\/div>\n\t\t\t\t<\/div>\n\t\t<div class=\"elementor-element elementor-element-2a6227c e-con-full e-flex e-con e-child\" data-id=\"2a6227c\" data-element_type=\"container\">\n\t\t\t\t<div class=\"elementor-element elementor-element-f28e357 elementor-widget elementor-widget-text-editor\" data-id=\"f28e357\" data-element_type=\"widget\" data-widget_type=\"text-editor.default\">\n\t\t\t\t<div class=\"elementor-widget-container\">\n\t\t\t\t\t\t\t<p><strong>Informacje<\/strong><\/p><p>Polityka Prywatno\u015bci<\/p>\t\t\t\t\t\t<\/div>\n\t\t\t\t<\/div>\n\t\t\t\t<\/div>\n\t\t<div class=\"elementor-element elementor-element-9f6ff59 e-con-full e-flex e-con e-child\" data-id=\"9f6ff59\" data-element_type=\"container\">\n\t\t\t\t<\/div>\n\t\t\t\t\t<\/div>\n\t\t\t\t<\/div>\n\t\t\t\t<\/div>\n\t\t","protected":false},"excerpt":{"rendered":"<p>Precyzyjne pomiary elektryczne dla Twojego bezpiecze\u0144stwa. Posiadamy wszystkie niezb\u0119dne uprawnienia do wykonywania okresowych pomiar\u00f3w elektrycznych, wymaganych przez Prawo Budowlane (m.in. przegl\u0105dy 5-letnie) oraz odbiorczych pomiar\u00f3w elektrycznych, niezb\u0119dnych do dokonania odbioru technicznego nowo powstaj\u0105cego budynku.Pomiary okresowe 5-letnie wykonujemy dla r\u00f3\u017cnego rodzaju obiekt\u00f3w. Najcz\u0119\u015bciej s\u0105 to szko\u0142y, przedszkola, urz\u0119dy gmin czy budynki biurowe, ale r\u00f3wnie\u017c specjalistyczne hale [&hellip;]<\/p>\n","protected":false},"author":1,"featured_media":0,"parent":0,"menu_order":0,"comment_status":"closed","ping_status":"closed","template":"","meta":{"footnotes":""},"class_list":["post-855","page","type-page","status-publish","hentry"],"blocksy_meta":[],"_links":{"self":[{"href":"https:\/\/energoterm.konin24.pl\/blog\/wp-json\/wp\/v2\/pages\/855","targetHints":{"allow":["GET"]}}],"collection":[{"href":"https:\/\/energoterm.konin24.pl\/blog\/wp-json\/wp\/v2\/pages"}],"about":[{"href":"https:\/\/energoterm.konin24.pl\/blog\/wp-json\/wp\/v2\/types\/page"}],"author":[{"embeddable":true,"href":"https:\/\/energoterm.konin24.pl\/blog\/wp-json\/wp\/v2\/users\/1"}],"replies":[{"embeddable":true,"href":"https:\/\/energoterm.konin24.pl\/blog\/wp-json\/wp\/v2\/comments?post=855"}],"version-history":[{"count":40,"href":"https:\/\/energoterm.konin24.pl\/blog\/wp-json\/wp\/v2\/pages\/855\/revisions"}],"predecessor-version":[{"id":2152,"href":"https:\/\/energoterm.konin24.pl\/blog\/wp-json\/wp\/v2\/pages\/855\/revisions\/2152"}],"wp:attachment":[{"href":"https:\/\/energoterm.konin24.pl\/blog\/wp-json\/wp\/v2\/media?parent=855"}],"curies":[{"name":"wp","href":"https:\/\/api.w.org\/{rel}","templated":true}]}}